e highest common divisor of 18 and 1418156262.
18
What is the highest common factor of 3266368 and 25043?
317
What is the highest common divisor of 8425 and 157025?
25
What is the greatest common factor of 242618475 and 25?
25
What is the greatest common factor of 1560 and 1102132200?
1560
What is the greatest common divisor of 6620 and 101740?
20
What is the highest common factor of 6265033 and 472?
59
Calculate the highest common factor of 3044 and 371372566.
1522
Calculate the greatest common factor of 87002 and 6495442.
2122
What is the highest common factor of 225 and 9007245?
45
Calculate the greatest common factor of 183766278 and 2195.
439
Calculate the greatest common factor of 348 and 113452932.
12
What is the highest common divisor of 1715 and 1093875?
5
What is the greatest common divisor of 106584 and 4944?
24
Calculate the greatest common divisor of 7079314 and 878.
878
What is the greatest common divisor of 7448 and 10085768?
392
Calculate the highest common divisor of 660 and 255564.
12
Calculate the greatest common factor of 343 and 29493457.
7
What is the greatest common factor of 2288 and 8347768?
1144
What is the greatest common factor of 900 and 1019540?
20
What is the highest common factor of 22692 and 84072?
372
What is the greatest common factor of 23960 and 14721024?
4792
Calculate the highest common factor of 5784958 and 1022.
146
What is the highest common factor of 98 and 648048?
2
What is the highest common divisor of 760903 and 831402?
2431
What is the greatest common divisor of 3748 and 265736948?
3748
Calculate the highest common divisor of 18522 and 47574.
54
What is the greatest common factor of 9100520 and 10175?
2035
Calculate the greatest common factor of 737933 and 17344.
271
Calculate the greatest common factor of 27112 and 423625.
3389
What is the greatest common divisor of 10984 and 145851044?
5492
What is the highest common factor of 75 and 78133600?
25
What is the greatest common divisor of 16332307 and 58?
29
What is the greatest common divisor of 26016 and 164640?
96
What is the greatest common factor of 185104 and 65893?
503
Calculate the highest common divisor of 46225 and 33710.
5
Calculate the highest common factor of 340620 and 168.
84
What is the highest common divisor of 13870 and 3777846?
38
Calculate the highest common factor of 1754859 and 1938.
969
What is the highest common divisor of 13073535 and 3915?
135
Calculate the highest common factor of 125 and 76822975.
25
Calculate the highest common factor of 142 and 2182773.
1
What is the greatest common factor of 97208 and 290348?
116
Calculate the greatest common factor of 189702 and 38547.
9
What is the greatest common divisor of 105720660 and 20?
20
Calculate the greatest common divisor of 21375 and 75240.
855
Calculate the greatest common divisor of 8336636 and 616.
308
What is the greatest common divisor of 7561566 and 5049?
459
Calculate the highest common divisor of 5725837 and 3913.
559
Calculate the highest common divisor of 90812 and 204692.
292
Calculate the highest common factor of 33524 and 275036.
116
What is the greatest common divisor of 10755724 and 42?
14
Calculate the greatest common factor of 2080 and 19716640.
160
What is the greatest common divisor of 25965500 and 100?
100
What is the highest common divisor of 2416 and 26588986?
302
What is the highest common factor of 4940 and 12592307?
247
Calculate the highest common divisor of 230777059 and 2566.
1283
What is the highest common divisor of 3790474 and 1102?
58
What is the highest common divisor of 27 and 924170553?
27
What is the greatest common divisor of 11 and 8307860?
11
What is the highest common factor of 5797 and 1087449?
341
Calculate the greatest common divisor of 226 and 2845114.
226
What is the greatest common divisor of 224 and 774109?
7
What is the highest common divisor of 9832 and 7386290?
2458
Calculate the greatest common divisor of 46448 and 52400.
16
What is the highest common divisor of 1566 and 1253148?
174
What is the highest common divisor of 204098183 and 3967?
3967
Calculate the highest common factor of 596171 and 1529.
139
What is the highest common divisor of 14 and 5428549?
7
What is the greatest common factor of 98021 and 889827?
1273
Calculate the highest common factor of 19 and 53135153.
19
What is the greatest common factor of 588 and 21520884?
84
What is the greatest common factor of 290 and 195015546?
58
Calculate the greatest common factor of 11180 and 9511944.
2236
Calculate the greatest common divisor of 7331 and 1293415661.
7331
What is the highest common factor of 50407 and 15968407?
2653
Calculate the highest common factor of 1894 and 1300554874.
1894
What is the highest common divisor of 726388 and 5460?
52
Calculate the highest common factor of 22750 and 44445700.
650
What is the highest common divisor of 532 and 2752855812?
532
Calculate the greatest common divisor of 6692 and 86114.
14
Calculate the highest common factor of 101871492 and 3372.
3372
Calculate the greatest common factor of 246 and 5997603.
123
What is the greatest common divisor of 280 and 95756?
4
Calculate the greatest common divisor of 4338901 and 73993.
1213
What is the greatest common divisor of 65657087 and 43?
43
What is the greatest common factor of 3643760 and 39220?
740
Calculate the greatest common factor of 25520 and 3047552.
464
Calculate the highest common factor of 201285 and 7485.
15
Calculate the highest common divisor of 134309690 and 425.
85
What is the greatest common divisor of 1950525 and 4905?
45
Calculate the highest common divisor of 6 and 7372128.
6
What is the greatest common factor of 1572771 and 6?
3
What is the highest common divisor of 8658 and 337752?
18
Calculate the greatest common factor of 21533 and 229543.
61
What is the highest common divisor of 315 and 12570460?
35
Calculate the greatest common divisor of 1317463 and 758471.
1127
Calculate the highest common divisor of 17454 and 534.
6
What is the greatest common factor of 4 and 15680836?
4
Calculate the greatest common factor of 11573619 and 12.
3
What is the greatest common factor of 46 and 4916365?
23
Calculate the highest common divisor of 1455425 and 7675.
25
Calculate the greatest common factor of 263429532 and 18.
18
Calculate the highest common divisor of 5144940 and 5252.
404
Calculate the greatest common factor of 3082 and 1957079246.
3082
Calculate the greatest common factor of 118 and 2149232.
2
What is the highest common factor of 544 and 58318944?
32
Calculate the highest common divisor of 52279800 and 30.
30
What is the greatest common divisor of 840 and 174426?
42
What is the greatest common divisor of 12564079 and 15851?
1441
What is the highest common factor of 312 and 29752160?
8
What is the greatest common divisor of 18207957 and 1686?
843
What is the greatest common divisor of 168 and 19554696?
168
Calculate the highest common divisor of 33165 and 9770.
5
What is the highest common divisor of 741535466 and 1498?
1498
Calculate the highest common factor of 59711 and 10817.
29
Calculate the greatest common divisor of 5381253057 and 519.
519
What is the greatest common divisor of 9696537 and 37824?
591
What is the highest common divisor of 81972 and 1933932?
3036
Calculate the greatest common divisor of 439479 and 2901447.
1107
Calculate the highest common divisor of 2681525 and 7975.
275
Calculate the highest common divisor of 11880 and 6483070.
110
Calculate the highest common factor of 14 and 151277.
7
What is the highest common factor of 1969 and 158056105?
179
Calculate the greatest common divisor of 771170652 and 756.
756
What is the greatest common factor of 1455 and 16095?
15
Calculate the greatest common factor of 275 and 34316315.
55
What is the highest common factor of 5467 and 514360?
77
What is the highest common factor of 69426 and 424391220?
9918
Calculate the highest common factor of 528655657 and 662.
331
What is the highest common divisor of 45408 and 933592?
88
What is the highest common factor of 142 and 12576?
2
Calculate the highest common factor of 150 and 1863800.
50
What is the greatest common factor of 12242156 and 684?
76
What is the greatest common divisor of 16362 and 138282534?
1818
Calculate the greatest common divis